 tens digit of 2619633939?
3
What is the hundred thousands digit of 65236581?
2
What is the tens digit of 73960292?
9
What is the units digit of 4717329074?
4
What is the units digit of 2121776994?
4
What is the units digit of 886230209?
9
What is the millions digit of 844772864?
4
What is the ten millions digit of 37287139?
3
What is the ten thousands digit of 196944348?
4
What is the thousands digit of 2149320744?
0
What is the hundred millions digit of 2269610641?
2
What is the ten millions digit of 8862260145?
6
What is the units digit of 1149597543?
3
What is the hundreds digit of 90223353?
3
What is the units digit of 166586826?
6
What is the tens digit of 199324367?
6
What is the units digit of 800769031?
1
What is the thousands digit of 38249110?
9
What is the tens digit of 502348467?
6
What is the units digit of 2949319284?
4
What is the ten thousands digit of 1782831286?
3
What is the hundred millions digit of 4396091713?
3
What is the thousands digit of 214162552?
2
What is the hundred millions digit of 108637611?
1
What is the thousands digit of 212007580?
7
What is the thousands digit of 83615566?
5
What is the ten millions digit of 37104256?
3
What is the thousands digit of 2471543616?
3
What is the hundred millions digit of 257644876?
2
What is the tens digit of 127384361?
6
What is the hundred thousands digit of 2743300802?
3
What is the millions digit of 82682089?
2
What is the hundreds digit of 174408652?
6
What is the tens digit of 81579422?
2
What is the ten millions digit of 141680682?
4
What is the hundred thousands digit of 14570158?
5
What is the millions digit of 4342758484?
2
What is the ten millions digit of 22212277?
2
What is the tens digit of 44955762?
6
What is the millions digit of 1187325372?
7
What is the millions digit of 117291140?
7
What is the tens digit of 50421460?
6
What is the ten millions digit of 1860258369?
6
What is the tens digit of 12972313?
1
What is the units digit of 6200388942?
2
What is the tens digit of 1071136163?
6
What is the millions digit of 1868480975?
8
What is the tens digit of 5627889?
8
What is the ten millions digit of 70923389?
7
What is the millions digit of 152249225?
2
What is the hundred millions digit of 158452797?
1
What is the hundred millions digit of 618044670?
6
What is the ten millions digit of 161219620?
6
What is the hundreds digit of 123330209?
2
What is the units digit of 2568491753?
3
What is the hundreds digit of 5518799311?
3
What is the billions digit of 2793387960?
2
What is the hundreds digit of 24005309?
3
What is the ten millions digit of 14930434?
1
What is the hundreds digit of 3273268369?
3
What is the hundred thousands digit of 568533939?
5
What is the ten thousands digit of 30749074?
4
What is the thousands digit of 264357905?
7
What is the millions digit of 42089236?
2
What is the hundreds digit of 2166196987?
9
What is the tens digit of 223829329?
2
What is the millions digit of 76099914?
6
What is the tens digit of 797669024?
2
What is the thousands digit of 2263224737?
4
What is the tens digit of 15247986?
8
What is the tens digit of 1470378716?
1
What is the ten millions digit of 103083742?
0
What is the ten thousands digit of 27553696?
5
What is the hundreds digit of 142217909?
9
What is the tens digit of 377112103?
0
What is the units digit of 36167299?
9
What is the millions digit of 95970131?
5
What is the ten millions digit of 55081056?
5
What is the hundreds digit of 21172943?
9
What is the ten millions digit of 160154225?
6
What is the ten millions digit of 4152994265?
5
What is the ten thousands digit of 73860867?
6
What is the hundreds digit of 102285937?
9
What is the hundred thousands digit of 2020166481?
1
What is the thousands digit of 35787108?
7
What is the ten thousands digit of 3013041195?
4
What is the ten millions digit of 1276309067?
7
What is the ten millions digit of 2896321751?
9
What is the millions digit of 1835416835?
5
What is the ten thousands digit of 566337671?
3
What is the ten millions digit of 235999027?
3
What is the hundred millions digit of 3260739176?
2
What is the millions digit of 471046692?
1
What is the tens digit of 315836825?
2
What is the tens digit of 4978850102?
0
What is the units digit of 17588727?
7
What is the units digit of 7772589?
9
What is the ten millions digit of 143700488?
4
What is the millions digit of 240738106?
0
What is the units digit of 6568300478?
8
What is the hundreds digit of 232946759?
7
What is the billions digit of 3549097809?
3
What is the ten millions digit of 219566476?
1
What is the ten millions digit of 52780828?
5
What is the units digit of 28640349?
9
What is the millions digit of 99302137?
9
What is the ten millions digit of 2718358335?
1
What is the millions digit of 50424599?
0
What is the hundred thousands digit of 1214959265?
9
What is the ten millions digit of 171901421?
7
What is the hundreds digit of 687602309?
3
What is the units digit of 489653451?
1
What is the hundred thousands digit of 352141013?
1
What is the tens digit of 507336894?
9
What is the millions digit of 1657781206?
7
What is the units digit of 114955564?
4
What is the hundreds digit of 55428984?
9
What is the units digit of 5363803?
3
What is the hundreds digit of 513604263?
2
What is the hundreds digit of 494171770?
7
What is the tens digit of 46778072?
7
What is the units digit of 304986365?
5
What is the thousands digit of 574496288?
6
What is the millions digit of 510235792?
0
What is the ten thousands digit of 125899259?
9
What is the ten thousands digit of 2393450999?
5
What is the hundred millions digit of 233602578?
2
What is the tens digit of 33773184?
8
What is the ten thousands digit of 1715103190?
0
What is the units digit of 113873595?
5
What is the millions digit of 16755361?
6
What is the millions digit of 58454289?
8
What is the ten thousands digit of 69354742?
5
What is the hundred thousands digit of 924344?
9
What is the ten thousands digit of 50665228?
6
What is the hundred thousands digit of 24223275?
2
What is the hundreds digit of 62205528?
5
What is the tens digit of 1158305930?
3
What is the millions digit of 46142020?
6
What is the ten millions digit of 30496312?
3
What is the millions digit of 434956783?
4
What is the ten thousands digit of 97413091?
1
What is the thousands digit of 74984831?
4
What is the thousands digit of 61318236?
8
What is the tens digit of 27007435?
3
What is the billions digit of 4900977721?
4
What is the units digit of 551196642?
2
What is the hundred thousands digit of 292351072?
3
What is the hundreds digit of 15217786?
7
What is the tens digit of 540225745?
4
What is the ten thousands digit of 22957161?
5
What is the units digit of 66036480?
0
What is the units digit of 214397368?
8
What is the hundred thousands digit of 59447571?
4
What is the ten millions digit of 77858185?
7
What is the millions digit of 103999193?
3
What is the ten thousands digit of 3323254883?
5
What is the hundred thousands digit of 57913008?
9
What is the units digit of 54545492?
2
What is the ten thousands digit of 57688538?
8
What is the hundred thousands digit of 583841088?
8
What is the hundred thousands digit of 92775245?
7
What is the units digit of 366648739?
9
What is the units digit of 376489166?
6
What is the tens digit of 19572284?
8
What is the hundreds digit of 4790306287?
2
What is the hundreds digit of 31201350?
3
What is the ten thousands digit of 2112457528?
5
What is the ten millions digit of 919722534?
1
What is the hundred thousands digit of 43832502?
8
What is the tens digit of 45883194?
9
What is the thousands digit of 60651342?
1
What is the ten thousands digit of 93893738?
9
What is the ten millions digit of 95112701?
9
What is the ten thousands digit of 265231827?
3
What is the hundreds digit of 3409753694?
6
What is the thousands digit of 14379202?
9
What is the tens digit of 3432197313?
1
What is the ten thousands digit of 82871676?
7
What is the hundred thousands digit of 276998667?
9
What is the hundred millions digit of 486393785?
4
What is the hundreds digit of 53758839?
8
What is the tens digit of 1488156104?
0
What is the millions digit of 2295444123?
5
What is the tens digit of 76921466?
6
What is the ten millions digit of 51893